ase 5?
-130220
5386 (base 9) to base 10
3966
11103 (base 4) to base 13
201
Convert 124 (base 10) to base 2.
1111100
What is -340504 (base 6) in base 9?
-43324
Convert 1111000110100 (base 2) to base 4.
1320310
-67360 (base 9) to base 15
-d3e6
What is 2340 (base 12) in base 4?
331200
Convert -141 (base 11) to base 2.
-10100110
-3033211 (base 5) to base 13
-19502
Convert 1405 (base 6) to base 10.
365
-25382 (base 9) to base 2
-100001010111100
-1a00 (base 11) to base 2
-100111101101
-1000010000 (base 2) to base 9
-646
What is -14414 (base 6) in base 8?
-4412
-100005 (base 7) to base 15
-4eac
-2100000 (base 3) to base 13
-a0b
What is 24234 (base 6) in base 11?
2738
What is 3768 (base 11) in base 13?
2310
123010 (base 4) to base 11
1335
-34c (base 14) to base 15
-2db
-3d2d (base 16) to base 13
-7189
-401035 (base 6) to base 12
-1617b
What is -41d (base 15) in base 4?
-32200
What is -11113 (base 5) in base 14?
-3dd
Convert 122111 (base 4) to base 7.
4625
What is -35313 (base 6) in base 9?
-6870
Convert 100000001001 (base 2) to base 15.
922
-40362 (base 7) to base 6
-113203
What is -1021100 (base 3) in base 15?
-41c
What is -13345 (base 8) in base 14?
-21c9
409 (base 15) to base 12
639
What is 21cc (base 15) in base 8?
15777
Convert 11001001001111 (base 2) to base 9.
18600
What is -c05a (base 14) in base 13?
-12041
What is -142205 (base 6) in base 14?
-4ca1
6a (base 15) to base 9
121
1010111011000 (base 2) to base 15
19cc
Convert -3303 (base 5) to base 3.
-121210
-8d5f (base 16) to base 3
-1211122102
Convert 2345 (base 6) to base 8.
1071
17531 (base 15) to base 6
1341101
Convert -1122 (base 13) to base 15.
-a99
What is 201002011 (base 3) in base 2?
11011001010101
Convert -428c (base 15) to base 4.
-3130002
What is -23202 (base 7) in base 12?
-3523
-101000001100011 (base 2) to base 11
-14509
Convert -113133 (base 5) to base 2.
-1000001001000
Convert 352 (base 9) to base 3.
101202
Convert -555 (base 12) to base 13.
-485
b1a (base 12) to base 8
3106
What is 1abf (base 16) in base 9?
10347
What is 10889 (base 12) in base 10?
21993
Convert -8aa (base 11) to base 12.
-768
Convert 697 (base 15) to base 6.
10524
What is 494 (base 13) in base 7?
2216
Convert 110010010100001 (base 2) to base 8.
62241
43403 (base 5) to base 14
112a
Convert 663 (base 14) to base 15.
593
Convert -313022 (base 4) to base 15.
-10a5
What is 14512 (base 8) in base 2?
1100101001010
1111001010111 (base 2) to base 5
222032
-120011 (base 3) to base 8
-631
42 (base 13) to base 3
2000
What is -2986 (base 13) in base 4?
-1132021
-10001110000010000 (base 2) to base 4
-101300100
What is 941 (base 13) in base 16?
626
Convert 23402 (base 8) to base 15.
2e5b
What is 3e47 (base 16) in base 11?
10a84
Convert -21301 (base 4) to base 15.
-2ba
Convert -55157 (base 9) to base 7.
-211441
Convert 66b (base 12) to base 10.
947
17b2 (base 13) to base 9
4746
14430 (base 5) to base 2
10011011000
Convert -341 (base 9) to base 6.
-1144
What is -21121013 (base 4) in base 8?
-113107
Convert -1aa (base 15) to base 4.
-12001
5799 (base 10) to base 14
2183
Convert -8026 (base 10) to base 2.
-1111101011010
-ae1 (base 15) to base 11
-1938
-243 (base 7) to base 4
-2001
4da (base 14) to base 15
451
-300a (base 13) to base 12
-39a1
Convert 1440 (base 10) to base 7.
4125
Convert 11302 (base 4) to base 9.
451
What is -401134 (base 5) in base 3?
-122101020
What is -11010101101111 (base 2) in base 5?
-414204
What is -701 (base 9) in base 6?
-2344
What is 1904 (base 14) in base 5?
121022
Convert -220001102 (base 3) to base 10.
-17534
Convert 1834 (base 9) to base 6.
10304
370 (base 11) to base 2
110111000
Convert bbd (base 14) to base 10.
2323
What is 231 (base 13) in base 8?
572
Convert 174 (base 9) to base 4.
2110
What is -19893 (base 12) in base 4?
-21022233
Convert -3113042 (base 5) to base 4.
-30131032
1335 (base 10) to base 16
537
What is -28a6 (base 16) in base 8?
-24246
What is -11101111 (base 2) in base 3?
-22212
Convert -420 (base 10) to base 12.
-2b0
What is -2cc8 (base 15) in base 16?
-25a6
4268 (base 14) to base 5
331320
What is a558 (base 13) in base 4?
11211220
Convert 213 (base 15) to base 12.
330
-2776 (base 10) to base 14
-1024
What is -4357 (base 12) in base 10?
-7411
-43545 (base 6) to base 9
-8252
-207 (base 13) to base 11
-294
Convert -21c80 (base 13) to base 4.
-33000023
What is -210432 (base 6) in base 12?
-9a18
Convert 3202 (base 5) to base 11.
359
2414 (base 16) to base 2
10010000010100
What is 661a (base 13) in base 8?
33613
What is 2055 (base 9) in base 12?
a58
114a (base 12) to base 4
132022
2313 (base 4) to base 6
503
Convert -454 (base 6) to base 10.
-178
Convert 1000011000 (base 2) to base 14.
2a4
Convert -15563 (base 7) to base 9.
-6035
-7533 (base 8) to base 9
-5347
-1001101010011 (base 2) to base 15
-16ec
5352 (base 8) to base 12
174a
What is -25315 (base 10) in base 7?
-133543
What is 1306 (base 7) in base 10?
496
What is -121353 (base 6) in base 14?
-3ca1
What is -10558 (base 10) in base 12?
-613a
-aca (base 13) to base 6
-12332
-2a588 (base 11) to base 14
-11ac5
What is 3a33 (base 13) in base 6?
102311
Convert 705 (base 8) to base 7.
1215
-506 (base 12) to base 5
-10401
-d31 (base 15) to base 8
-5633
What is 9842 (base 12) in base 15?
4e6e
Convert 21200 (base 4) to base 10.
608
Convert 5ac1 (base 15) to base 12.
b20a
Convert 65 (base 13) to base 15.
58
What is -185 (base 9) in base 12?
-112
Convert -1210103 (base 4) to base 7.
-24500
What is 5252 (base 7) in base 9?
2475
What is -69 (base 16) in base 15?
-70
25334 (base 6) to base 8
7332
Convert 110001010111 (base 2) to base 11.
2412
What is 22b6 (base 15) in base 13?
3480
What is 9b60 (base 16) in base 12?
1b028
55 (base 14) to base 11
69
22aa (base 12) to base 6
25534
1116 (base 9) to base 2
1100111001
Convert 220 (base 11) to base 14.
14c
-7436 (base 8) to base 9
-5270
100010000111101 (base 2) to base 3
212222000
693 (base 10) to base 3
221200
581 (base 10) to base 13
359
Convert -865 (base 13) to base 2.
-10110011011
Convert -33121 (base 9) to base 10.
-21970
What is -5271 (base 13) in base 16?
-2c97
What is 598 (base 11) in base 14?
38c
Convert 2748 (base 13) to base 11.
4265
Convert -1533 (base 8) to base 5.
-11414
Convert 100011222 (base 3) to base 12.
3a5b
Convert -33434 (base 7) to base 15.
-2788
Convert -1478 (base 10) to base 12.
-a32
61165 (base 10) to base 13
21ac0
-3587 (base 12) to base 3
-22020111
Convert 22200211 (base 3) to base 11.
4844
Convert 2f7e (base 16) to base 11.
9153
1b6 (base 12) to base 13
189
-72 (base 9) to base 16
-41
What is 2100 (base 6) in base 2?
111010100
2ddc (base 14) to base 3
102021211
17674 (base 14) to base 7
333504
Convert -9f (base 16) to base 8.
-237
What is -110000101 (base 2) in base 14?
-1db
-5220 (base 7) to base 12
-1083
Convert -2010230 (base 4) to base 7.
-33521
-10471 (base 8) to base 12
-2675
What is -b66 (base 12) in base 2?
-11001111110
Convert 45 (base 11) to base 2.
110001
What is -1221 (base 3) in base 14?
-3a
Convert 901 (base 10) to base 5.
12101
Convert 145 (base 11) to base 3.
20022
Convert -33131 (base 4) to base 6.
-4325
44353 (base 6) to base 8
14055
-312415 (base 6) to base 12
-1270b
2a2 (base 12) to base 6
1522
7195 (base 14) to base 6
230235
-2184 (base 15) to base 13
-3301
Convert -50205 (base 7) to base 5.
-341413
Convert -100 (base 16) to base 4.
-10000
-23c06 (base 13) to base 15
-14732
a3 (base 14) to base 3
12022
What is -12334 (base 5) in base 7?
-2553
-723 (base 12) to base 11
-861
-1454 (base 7) to base 8
-1102
Convert 8b4 (base 14) to base 16.
6be
31202 (base 4) to base 5
11431
What is -102221112 (base 3) in base 12?
-5058
-72622 (base 8) to base 16
-7592
Convert -76528 (base 9) to base 12.
-25438
Convert 323410 (base 6) to base 2.
110100001011110
What is -15545 (base 12) in base 16?
-75c5
What is 1264 (base 15) in base 5?
111134
-144131 (base 5) to base 16
-1816
-1004021 (base 5) to base 9
-24118
Convert 23233 (base 5) to base 12.
b91
Convert 1202221 (base 3) to base 2.
10100001110
What is -1120321 (base 4) in base 13?
-2788
Convert 209b (base 13) to base 5.
121042
What is -c27 (base 13) in base 6?
-13313
What is -44144 (base 7) in base 13?
-5057
What is -73 (base 8) in base 13?
-47
What is 4313 (base 5) in base 16?
247
Convert 451415 (base 6) to base 